3) to base 8
1
Convert 1012 (base 3) to base 10.
32
10 (base 3) to base 8
3
1001011 (base 2) to base 13
5a
1 (base 13) to base 5
1
What is -2 (base 11) in base 12?
-2
-10 (base 8) to base 6
-12
11 (base 3) to base 14
4
41 (base 5) to base 10
21
Convert 130 (base 7) to base 14.
50
What is 76 (base 10) in base 2?
1001100
Convert 3 (base 13) to base 14.
3
What is -12 (base 11) in base 4?
-31
10 (base 2) to base 15
2
Convert -100 (base 2) to base 3.
-11
Convert -7 (base 14) to base 4.
-13
What is 350 (base 6) in base 4?
2022
What is -111 (base 3) in base 12?
-11
10 (base 7) to base 6
11
What is -2 (base 14) in base 2?
-10
11 (base 3) to base 15
4
Convert 10 (base 2) to base 11.
2
Convert 502 (base 6) to base 16.
b6
What is 35 (base 9) in base 15?
22
104 (base 7) to base 13
41
Convert -13 (base 7) to base 6.
-14
What is 116 (base 8) in base 2?
1001110
Convert -11 (base 2) to base 13.
-3
What is -2 (base 11) in base 8?
-2
Convert 3c (base 15) to base 5.
212
Convert 48 (base 11) to base 12.
44
What is 13 (base 6) in base 16?
9
Convert 1200 (base 4) to base 8.
140
What is 120 (base 3) in base 11?
14
Convert 52 (base 8) to base 6.
110
What is 1114 (base 5) in base 7?
315
What is -3b (base 13) in base 16?
-32
Convert c (base 15) to base 4.
30
-85 (base 9) to base 3
-2212
What is -120 (base 13) in base 3?
-21020
-15 (base 13) to base 5
-33
Convert 11 (base 4) to base 2.
101
2 (base 9) to base 12
2
Convert 14 (base 9) to base 7.
16
16 (base 16) to base 8
26
33 (base 12) to base 11
36
What is 6 (base 8) in base 14?
6
9 (base 11) to base 8
11
-10 (base 4) to base 13
-4
29 (base 11) to base 5
111
5 (base 13) to base 4
11
100100001 (base 2) to base 3
101201
Convert -11 (base 5) to base 16.
-6
-13 (base 14) to base 13
-14
-211 (base 6) to base 13
-61
Convert -34 (base 14) to base 13.
-37
-4 (base 15) to base 7
-4
-1403 (base 5) to base 3
-22110
Convert 4 (base 11) to base 4.
10
What is -11100 (base 2) in base 13?
-22
6 (base 10) to base 4
12
-7c (base 15) to base 8
-165
What is -68 (base 9) in base 16?
-3e
What is -228 (base 11) in base 10?
-272
What is -8 (base 10) in base 14?
-8
2 (base 12) to base 8
2
-11 (base 6) to base 12
-7
-411 (base 6) to base 3
-12121
1 (base 8) to base 16
1
115 (base 6) to base 3
1202
Convert 0 (base 13) to base 9.
0
1 (base 3) to base 10
1
29 (base 16) to base 15
2b
Convert 4 (base 13) to base 12.
4
13 (base 11) to base 4
32
Convert -1143 (base 5) to base 8.
-255
b1 (base 12) to base 3
11221
92 (base 11) to base 5
401
What is 30 (base 6) in base 7?
24
Convert 67 (base 10) to base 6.
151
What is -1a2 (base 14) in base 8?
-522
23 (base 4) to base 8
13
-27 (base 8) to base 2
-10111
What is -3 (base 13) in base 7?
-3
What is -2 (base 15) in base 13?
-2
112 (base 13) to base 11
158
What is -166 (base 10) in base 6?
-434
What is 10 (base 3) in base 14?
3
What is -5 (base 10) in base 7?
-5
Convert -4 (base 5) to base 16.
-4
60 (base 7) to base 13
33
Convert 1014 (base 6) to base 11.
196
-262 (base 10) to base 8
-406
-34 (base 12) to base 9
-44
Convert -1221 (base 3) to base 5.
-202
What is 5 (base 9) in base 13?
5
What is -8 (base 15) in base 8?
-10
What is -83 (base 12) in base 15?
-69
1 (base 2) to base 15
1
What is 232 (base 5) in base 9?
74
Convert 10 (base 6) to base 3.
20
What is -4 (base 10) in base 11?
-4
What is -4 (base 8) in base 16?
-4
What is -35 (base 10) in base 15?
-25
What is 4 (base 10) in base 15?
4
-11 (base 3) to base 6
-4
What is -20 (base 10) in base 2?
-10100
Convert 1 (base 5) to base 12.
1
Convert 44 (base 7) to base 3.
1012
Convert 22 (base 11) to base 4.
120
92 (base 16) to base 3
12102
Convert 34 (base 16) to base 15.
37
What is -1 (base 5) in base 15?
-1
What is 36 (base 10) in base 9?
40
Convert 1211 (base 3) to base 12.
41
What is 2 (base 16) in base 13?
2
What is -5 (base 12) in base 6?
-5
Convert 2 (base 16) to base 13.
2
Convert 3 (base 15) to base 2.
11
-25 (base 15) to base 2
-100011
Convert -10 (base 14) to base 11.
-13
What is 1 (base 5) in base 16?
1
-7 (base 10) to base 12
-7
Convert -3 (base 15) to base 16.
-3
-1 (base 13) to base 14
-1
-31 (base 12) to base 5
-122
Convert 55 (base 12) to base 5.
230
Convert 3 (base 8) to base 14.
3
Convert -2132 (base 4) to base 6.
-422
16 (base 13) to base 8
23
c (base 15) to base 8
14
Convert 0 (base 15) to base 16.
0
What is -4 (base 13) in base 10?
-4
0 (base 3) to base 8
0
2 (base 14) to base 10
2
Convert 101 (base 2) to base 10.
5
What is 6 (base 14) in base 5?
11
Convert -12122 (base 3) to base 11.
-129
0 (base 16) to base 10
0
Convert 38 (base 14) to base 5.
200
Convert -4 (base 6) to base 14.
-4
What is -22 (base 8) in base 6?
-30
What is 311 (base 5) in base 15?
56
101 (base 6) to base 10
37
Convert 31 (base 7) to base 14.
18
5 (base 11) to base 10
5
Convert 101201 (base 3) to base 13.
193
-2 (base 16) to base 5
-2
Convert -2 (base 8) to base 10.
-2
Convert -5 (base 7) to base 15.
-5
Convert -2 (base 5) to base 2.
-10
What is -561 (base 7) in base 10?
-288
Convert -100 (base 3) to base 10.
-9
What is 2 (base 8) in base 15?
2
What is -13 (base 16) in base 6?
-31
Convert -1 (base 6) to base 16.
-1
Convert 5 (base 14) to base 10.
5
Convert 21 (base 4) to base 14.
9
11 (base 2) to base 13
3
What is -7 (base 9) in base 6?
-11
Convert -1 (base 16) to base 5.
-1
Convert 10 (base 2) to base 13.
2
Convert -1 (base 15) to base 5.
-1
What is 17 (base 16) in base 10?
23
-80 (base 14) to base 4
-1300
Convert -310 (base 4) to base 15.
-37
What is a (base 14) in base 11?
a
What is 2 (base 8) in base 10?
2
What is 20 (base 7) in base 15?
e
-14 (base 10) to base 6
-22
What is -1 (base 16) in base 9?
-1
33 (base 9) to base 16
1e
Convert 43 (base 8) to base 16.
23
What is 201 (base 3) in base 12?
17
Convert 4 (base 12) to base 4.
10
What is 102 (base 7) in base 8?
63
What is -20 (base 5) in base 2?
-1010
What is 0 (base 15) in base 12?
0
Convert 202 (base 3) to base 2.
10100
What is -20 (base 10) in base 4?
-110
What is -61 (base 10) in base 16?
-3d
Convert -5 (base 15) to base 14.
-5
What is 6e (base 15) in base 5?
404
-1 (base 7) to base 16
-1
Convert 115 (base 14) to base 12.
15b
1 (base 9) to base 3
1
-30 (base 7) to base 2
-10101
64 (base 15) to base 5
334
Convert -6 (base 15) to base 16.
-6
Convert 0 (base 5) to base 6.
0
What is -2 (base 11) in base 2?
-10
What is -76 (base 10) in base 8?
-114
Convert 16 (base 7) to base 9.
14
-19 (base 10) to base 13
-16
Convert 30 (base 7) to base 9.
23
Convert 5 (base 13) to base 4.
11
Convert -21 (base 8) to base 3.
-122
What is -1 (base 3) in base 16?
-1
What is 1001 (base 2) in base 9?
10
-101 (base 4) to base 5
-32
11 (base 4) to base 16
5
What is 1 (base 5) in base 2?
1
What is 1 (base 7) in base 15?
1
8 (base 9) to base 2
1000
Convert 56 (base 13) to base 9.
78
Convert 100120 (base 3) to base 14.
146
Convert -103 (base 4) to base 9.
-21
Convert 2 (base 15) to base 6.
2
What is 4 (base 7) in base 6?
4
Convert 41 (base 13) to base 14.
3b
22 (base 3) to base 5
13
What is -10 (base 5) in base 16?
-5
What is -1 (base 13) in base 6?
-1
0 (base 8) to base 3
0
10011010 (base 2) to base 7
310
Convert -2 (base 13) to base 2.
-10
10110 (base 2) to base 5
42
Convert 133 (base 4) to base 5.
111
What is -2 (base 16) in base 15?
-2
0 (base 12) to base 15
0
Convert 3 (base 4) to base 2.
11
Convert -1331 (base 4) to base 15.
-85
What is 8 (base 9) in base 4?
20
What is 15 (base 6) in base 12?
b
Convert -3 (base 5) to base 2.
-11
-4 (base 6) to base 2
-100
Convert 110010 (base 2) to base 7.
101
What is -202 (base 9) in base 7?
-323
What is -1a (base 14) in base 10?
-24
What is -4 (base 12) in base 3?
-11
What is -11 (base 3) in base 4?
-10
Convert 3 (base 10) to base 2.
11
What is -30 (base 12) in base 16?
-24
-46 (base 10) to base 7
-64
What is -13 (base 5) in base 12?
-8
Convert -27 (base 11) to base 14.
-21
-11 (base 2) to base 16
-3
What is 50 (base 10) in base 9?
55
Convert -10 (base 6) to base 5.
-11
Convert 21001 (base 3) to base 8.
276
What is 13 (base 10) in base 13?
10
What is -20 (base 14) in base 7?
-40
What is 8 (base 10) in base 12?
8
-40 (base 5) to base 16
-14
Convert -2 (base 4) to base 9.
-2
23 (base 11) to base 12
21
Convert 404 (base 8) to base 14.
148
What is 112211 (base 3) in base 10?
400
Convert 83 (base 12) to 